{"id":167,"date":"2023-09-05T11:52:01","date_gmt":"2023-09-05T09:52:01","guid":{"rendered":"https:\/\/candice-brunet.com\/?page_id=167"},"modified":"2024-01-31T00:26:43","modified_gmt":"2024-01-30T23:26:43","slug":"mentions-legales","status":"publish","type":"page","link":"https:\/\/candice-brunet.com\/index.php\/mentions-legales\/","title":{"rendered":"Mentions l\u00e9gales"},"content":{"rendered":"\n<p><strong>1. Informations l\u00e9gales<\/strong><\/p>\n\n\n\n<p>Le site www.candice-brunet.com est \u00e9dit\u00e9 par l &lsquo;Entreprise Individuelle Candice Brunet, enregistr\u00e9e aupr\u00e8s du guichet unique INPI  sous le num\u00e9ro de SIRET : 389765447 00047.<\/p>\n\n\n\n<p>Date de cr\u00e9ation de l&rsquo;activit\u00e9 : le 07\/06\/2023.<\/p>\n\n\n\n<p>Adresse e-mail : <a href=\"mailto:contact@candice-brunet.com\">contact@candice-brunet.com<\/a><\/p>\n\n\n\n<p>Num\u00e9ro de t\u00e9l\u00e9phone : 06 24 54 00 76<\/p>\n\n\n\n<p>Directeur de la publication : Candice Brunet<\/p>\n\n\n\n<p><strong>2. H\u00e9bergement<\/strong><\/p>\n\n\n\n<p>Le site www.candice-brunet.com est h\u00e9berg\u00e9 par OVH SAS, dont le si\u00e8ge social est situ\u00e9 \u00e0 2 rue Kellermann \u2013 BP 80157 59053 ROUBAIX CEDEX 1.<\/p>\n\n\n\n<p><strong>3. Propri\u00e9t\u00e9 intellectuelle<\/strong><\/p>\n\n\n\n<p>Le contenu du site www.candice-brunet.com (textes, images, vid\u00e9os, logos, etc.) est prot\u00e9g\u00e9 par les lois sur la propri\u00e9t\u00e9 intellectuelle et est la propri\u00e9t\u00e9 exclusive de Candice Brunet ou de ses partenaires. Toute reproduction, distribution, ou utilisation non autoris\u00e9e du contenu est strictement interdite.<\/p>\n\n\n\n<p>Les photos et illustrations utilis\u00e9es sur le site www.candice-brunet.com sont libres de droits et gratuites. Elles peuvent \u00eatre t\u00e9l\u00e9charg\u00e9es \u00e0 partir du site : <a href=\"https:\/\/pixabay.com\/fr\/\">https:\/\/pixabay.com\/fr\/<\/a>.<\/p>\n\n\n\n<p><strong>4. Donn\u00e9es personnelles<\/strong><\/p>\n\n\n\n<p>La collecte et le traitement des donn\u00e9es personnelles des utilisateurs du site www.candice-brunet.com sont effectu\u00e9s conform\u00e9ment \u00e0 notre politique de confidentialit\u00e9, que vous pouvez consulter <a href=\"https:\/\/candice-brunet.com\/index.php\/politique-de-confidentialite\/\" data-type=\"page\" data-id=\"3\">ici<\/a>.<\/p>\n\n\n\n<p>Les donn\u00e9es personnelles collect\u00e9es sur ce site sont destin\u00e9es \u00e0 EI Candice Brunet et ne seront pas vendues ou communiqu\u00e9es \u00e0 des tiers. Conform\u00e9ment \u00e0 la loi n\u00b0 78-17 du 6 janvier 1978 relative \u00e0 l\u2019informatique, aux fichiers et aux libert\u00e9s, vous disposez d\u2019un droit d\u2019acc\u00e8s, de rectification et de suppression des donn\u00e9es personnelles vous concernant en envoyant un e-mail \u00e0 <a href=\"mailto:brunetcandice20@gmail.com\">contact@candice-brunet.com<\/a>.<\/p>\n\n\n\n<p><strong>5. Cookies<\/strong><\/p>\n\n\n\n<p>Le site www.candice-brunet.com utilise des cookies pour am\u00e9liorer l&rsquo;exp\u00e9rience de l&rsquo;utilisateur. Pour en savoir plus sur l&rsquo;utilisation des cookies, veuillez consulter notre politique en mati\u00e8re de cookies <a href=\"https:\/\/candice-brunet.com\/index.php\/politique-de-confidentialite\/\" data-type=\"page\" data-id=\"3\">ici<\/a>.<\/p>\n\n\n\n<p><strong>6. Responsabilit\u00e9<\/strong><\/p>\n\n\n\n<p>Nous nous effor\u00e7ons de fournir des informations pr\u00e9cises et \u00e0 jour sur le site www.candice-brunet.com, mais nous ne pouvons pas garantir l&rsquo;exactitude, l&rsquo;exhaustivit\u00e9 ou la pertinence de ces informations. Nous d\u00e9clinons toute responsabilit\u00e9 quant \u00e0 l&rsquo;utilisation qui pourrait \u00eatre faite des informations disponibles sur ce site.<\/p>\n\n\n\n<p><strong>7. Droit applicable<\/strong><\/p>\n\n\n\n<p>Les pr\u00e9sentes mentions l\u00e9gales sont r\u00e9gies par le droit applicable en France et tout litige relatif \u00e0 leur interpr\u00e9tation ou \u00e0 leur ex\u00e9cution sera de la comp\u00e9tence exclusive des tribunaux fran\u00e7ais.<\/p>\n\n\n\n<p><strong>8. Contact<\/strong><\/p>\n\n\n\n<p>Pour toute question ou demande concernant ces mentions l\u00e9gales, veuillez nous contacter \u00e0 l&rsquo;adresse e-mail suivante : <a href=\"mailto:contact@candice-brunet.com\">contact@candice-brunet.com<\/a><\/p>\n\n\n\n<p>Ces mentions l\u00e9gales sont susceptibles d&rsquo;\u00eatre modifi\u00e9es \u00e0 tout moment. Nous vous invitons \u00e0 les consulter r\u00e9guli\u00e8rement pour prendre connaissance de leurs \u00e9ventuelles \u00e9volutions.<\/p>\n\n\n\n<p>Fait \u00e0 Grenoble, le 05\/09\/2023.<\/p>\n","protected":false},"excerpt":{"rendered":"<p>1. Informations l\u00e9gales Le site www.candice-brunet.com est \u00e9dit\u00e9 par l &lsquo;Entreprise Individuelle Candice Brunet, enregistr\u00e9e aupr\u00e8s du guichet unique INPI sous le num\u00e9ro de SIRET : 389765447 00047. Date de cr\u00e9ation de l&rsquo;activit\u00e9 : le 07\/06\/2023. Adresse e-mail : contact@candice-brunet.com Num\u00e9ro de t\u00e9l\u00e9phone : 06 24 54 00 76 Directeur de la publication : Candice &hellip; <\/p>\n<p class=\"link-more\"><a href=\"https:\/\/candice-brunet.com\/index.php\/mentions-legales\/\" class=\"more-link\">Continuer la lecture<span class=\"screen-reader-text\"> de &laquo;&nbsp;Mentions l\u00e9gales&nbsp;&raquo;<\/span><\/a><\/p>\n","protected":false},"author":2,"featured_media":0,"parent":0,"menu_order":0,"comment_status":"closed","ping_status":"closed","template":"","meta":{"footnotes":""},"class_list":["post-167","page","type-page","status-publish","hentry"],"yoast_head":"<!-- This site is optimized with the Yoast SEO plugin v21.9.1 - https:\/\/yoast.com\/wordpress\/plugins\/seo\/ -->\n<title>Mentions l\u00e9gales - Candice Brunet<\/title>\n<meta name=\"robots\" content=\"index, follow, max-snippet:-1, max-image-preview:large, max-video-preview:-1\" \/>\n<link rel=\"canonical\" href=\"https:\/\/candice-brunet.com\/index.php\/mentions-legales\/\" \/>\n<meta property=\"og:locale\" content=\"fr_FR\" \/>\n<meta property=\"og:type\" content=\"article\" \/>\n<meta property=\"og:title\" content=\"Mentions l\u00e9gales - Candice Brunet\" \/>\n<meta property=\"og:description\" content=\"1. Informations l\u00e9gales Le site www.candice-brunet.com est \u00e9dit\u00e9 par l &lsquo;Entreprise Individuelle Candice Brunet, enregistr\u00e9e aupr\u00e8s du guichet unique INPI sous le num\u00e9ro de SIRET : 389765447 00047. Date de cr\u00e9ation de l&rsquo;activit\u00e9 : le 07\/06\/2023. Adresse e-mail : contact@candice-brunet.com Num\u00e9ro de t\u00e9l\u00e9phone : 06 24 54 00 76 Directeur de la publication : Candice &hellip; Continuer la lecture de &laquo;&nbsp;Mentions l\u00e9gales&nbsp;&raquo;\" \/>\n<meta property=\"og:url\" content=\"https:\/\/candice-brunet.com\/index.php\/mentions-legales\/\" \/>\n<meta property=\"og:site_name\" content=\"Candice Brunet\" \/>\n<meta property=\"article:modified_time\" content=\"2024-01-30T23:26:43+00:00\" \/>\n<meta name=\"twitter:card\" content=\"summary_large_image\" \/>\n<meta name=\"twitter:label1\" content=\"Dur\u00e9e de lecture estim\u00e9e\" \/>\n\t<meta name=\"twitter:data1\" content=\"3 minutes\" \/>\n<script type=\"application\/ld+json\" class=\"yoast-schema-graph\">{\"@context\":\"https:\/\/schema.org\",\"@graph\":[{\"@type\":\"WebPage\",\"@id\":\"https:\/\/candice-brunet.com\/index.php\/mentions-legales\/\",\"url\":\"https:\/\/candice-brunet.com\/index.php\/mentions-legales\/\",\"name\":\"Mentions l\u00e9gales - Candice Brunet\",\"isPartOf\":{\"@id\":\"https:\/\/candice-brunet.com\/#website\"},\"datePublished\":\"2023-09-05T09:52:01+00:00\",\"dateModified\":\"2024-01-30T23:26:43+00:00\",\"breadcrumb\":{\"@id\":\"https:\/\/candice-brunet.com\/index.php\/mentions-legales\/#breadcrumb\"},\"inLanguage\":\"fr-FR\",\"potentialAction\":[{\"@type\":\"ReadAction\",\"target\":[\"https:\/\/candice-brunet.com\/index.php\/mentions-legales\/\"]}]},{\"@type\":\"BreadcrumbList\",\"@id\":\"https:\/\/candice-brunet.com\/index.php\/mentions-legales\/#breadcrumb\",\"itemListElement\":[{\"@type\":\"ListItem\",\"position\":1,\"name\":\"Accueil\",\"item\":\"https:\/\/candice-brunet.com\/\"},{\"@type\":\"ListItem\",\"position\":2,\"name\":\"Mentions l\u00e9gales\"}]},{\"@type\":\"WebSite\",\"@id\":\"https:\/\/candice-brunet.com\/#website\",\"url\":\"https:\/\/candice-brunet.com\/\",\"name\":\"Candice Brunet\",\"description\":\"Sophrologue \u00e0 Grenoble\",\"publisher\":{\"@id\":\"https:\/\/candice-brunet.com\/#organization\"},\"potentialAction\":[{\"@type\":\"SearchAction\",\"target\":{\"@type\":\"EntryPoint\",\"urlTemplate\":\"https:\/\/candice-brunet.com\/?s={search_term_string}\"},\"query-input\":\"required name=search_term_string\"}],\"inLanguage\":\"fr-FR\"},{\"@type\":\"Organization\",\"@id\":\"https:\/\/candice-brunet.com\/#organization\",\"name\":\"Candice Brunet\",\"url\":\"https:\/\/candice-brunet.com\/\",\"logo\":{\"@type\":\"ImageObject\",\"inLanguage\":\"fr-FR\",\"@id\":\"https:\/\/candice-brunet.com\/#\/schema\/logo\/image\/\",\"url\":\"https:\/\/candice-brunet.com\/wp-content\/uploads\/2023\/09\/logo-candice-brunet.jpg\",\"contentUrl\":\"https:\/\/candice-brunet.com\/wp-content\/uploads\/2023\/09\/logo-candice-brunet.jpg\",\"width\":505,\"height\":168,\"caption\":\"Candice Brunet\"},\"image\":{\"@id\":\"https:\/\/candice-brunet.com\/#\/schema\/logo\/image\/\"}}]}<\/script>\n<!-- \/ Yoast SEO plugin. -->","yoast_head_json":{"title":"Mentions l\u00e9gales - Candice Brunet","robots":{"index":"index","follow":"follow","max-snippet":"max-snippet:-1","max-image-preview":"max-image-preview:large","max-video-preview":"max-video-preview:-1"},"canonical":"https:\/\/candice-brunet.com\/index.php\/mentions-legales\/","og_locale":"fr_FR","og_type":"article","og_title":"Mentions l\u00e9gales - Candice Brunet","og_description":"1. Informations l\u00e9gales Le site www.candice-brunet.com est \u00e9dit\u00e9 par l &lsquo;Entreprise Individuelle Candice Brunet, enregistr\u00e9e aupr\u00e8s du guichet unique INPI sous le num\u00e9ro de SIRET : 389765447 00047. Date de cr\u00e9ation de l&rsquo;activit\u00e9 : le 07\/06\/2023. Adresse e-mail : contact@candice-brunet.com Num\u00e9ro de t\u00e9l\u00e9phone : 06 24 54 00 76 Directeur de la publication : Candice &hellip; Continuer la lecture de &laquo;&nbsp;Mentions l\u00e9gales&nbsp;&raquo;","og_url":"https:\/\/candice-brunet.com\/index.php\/mentions-legales\/","og_site_name":"Candice Brunet","article_modified_time":"2024-01-30T23:26:43+00:00","twitter_card":"summary_large_image","twitter_misc":{"Dur\u00e9e de lecture estim\u00e9e":"3 minutes"},"schema":{"@context":"https:\/\/schema.org","@graph":[{"@type":"WebPage","@id":"https:\/\/candice-brunet.com\/index.php\/mentions-legales\/","url":"https:\/\/candice-brunet.com\/index.php\/mentions-legales\/","name":"Mentions l\u00e9gales - Candice Brunet","isPartOf":{"@id":"https:\/\/candice-brunet.com\/#website"},"datePublished":"2023-09-05T09:52:01+00:00","dateModified":"2024-01-30T23:26:43+00:00","breadcrumb":{"@id":"https:\/\/candice-brunet.com\/index.php\/mentions-legales\/#breadcrumb"},"inLanguage":"fr-FR","potentialAction":[{"@type":"ReadAction","target":["https:\/\/candice-brunet.com\/index.php\/mentions-legales\/"]}]},{"@type":"BreadcrumbList","@id":"https:\/\/candice-brunet.com\/index.php\/mentions-legales\/#breadcrumb","itemListElement":[{"@type":"ListItem","position":1,"name":"Accueil","item":"https:\/\/candice-brunet.com\/"},{"@type":"ListItem","position":2,"name":"Mentions l\u00e9gales"}]},{"@type":"WebSite","@id":"https:\/\/candice-brunet.com\/#website","url":"https:\/\/candice-brunet.com\/","name":"Candice Brunet","description":"Sophrologue \u00e0 Grenoble","publisher":{"@id":"https:\/\/candice-brunet.com\/#organization"},"potentialAction":[{"@type":"SearchAction","target":{"@type":"EntryPoint","urlTemplate":"https:\/\/candice-brunet.com\/?s={search_term_string}"},"query-input":"required name=search_term_string"}],"inLanguage":"fr-FR"},{"@type":"Organization","@id":"https:\/\/candice-brunet.com\/#organization","name":"Candice Brunet","url":"https:\/\/candice-brunet.com\/","logo":{"@type":"ImageObject","inLanguage":"fr-FR","@id":"https:\/\/candice-brunet.com\/#\/schema\/logo\/image\/","url":"https:\/\/candice-brunet.com\/wp-content\/uploads\/2023\/09\/logo-candice-brunet.jpg","contentUrl":"https:\/\/candice-brunet.com\/wp-content\/uploads\/2023\/09\/logo-candice-brunet.jpg","width":505,"height":168,"caption":"Candice Brunet"},"image":{"@id":"https:\/\/candice-brunet.com\/#\/schema\/logo\/image\/"}}]}},"_links":{"self":[{"href":"https:\/\/candice-brunet.com\/index.php\/wp-json\/wp\/v2\/pages\/167","targetHints":{"allow":["GET"]}}],"collection":[{"href":"https:\/\/candice-brunet.com\/index.php\/wp-json\/wp\/v2\/pages"}],"about":[{"href":"https:\/\/candice-brunet.com\/index.php\/wp-json\/wp\/v2\/types\/page"}],"author":[{"embeddable":true,"href":"https:\/\/candice-brunet.com\/index.php\/wp-json\/wp\/v2\/users\/2"}],"replies":[{"embeddable":true,"href":"https:\/\/candice-brunet.com\/index.php\/wp-json\/wp\/v2\/comments?post=167"}],"version-history":[{"count":16,"href":"https:\/\/candice-brunet.com\/index.php\/wp-json\/wp\/v2\/pages\/167\/revisions"}],"predecessor-version":[{"id":321,"href":"https:\/\/candice-brunet.com\/index.php\/wp-json\/wp\/v2\/pages\/167\/revisions\/321"}],"wp:attachment":[{"href":"https:\/\/candice-brunet.com\/index.php\/wp-json\/wp\/v2\/media?parent=167"}],"curies":[{"name":"wp","href":"https:\/\/api.w.org\/{rel}","templated":true}]}}