{"id":5,"date":"2023-09-02T13:59:16","date_gmt":"2023-09-02T11:59:16","guid":{"rendered":"http:\/\/candice-brunet.com\/?page_id=5"},"modified":"2024-02-20T18:55:42","modified_gmt":"2024-02-20T17:55:42","slug":"accueil","status":"publish","type":"page","link":"https:\/\/candice-brunet.com\/","title":{"rendered":"Accueil"},"content":{"rendered":"\n<div class=\"wp-block-columns is-layout-flex wp-container-core-columns-is-layout-9d6595d7 wp-block-columns-is-layout-flex\">\n<div class=\"wp-block-column is-layout-flow wp-block-column-is-layout-flow\">\n<figure class=\"wp-block-image size-full\"><img loading=\"lazy\" decoding=\"async\" width=\"500\" height=\"490\" src=\"http:\/\/candice-brunet.com\/wp-content\/uploads\/2023\/09\/portrait-candice-brunet-petit-acceuil-1.jpg\" alt=\"\" class=\"wp-image-226\" title=\"Portrait de Candice Brunet\" srcset=\"https:\/\/candice-brunet.com\/wp-content\/uploads\/2023\/09\/portrait-candice-brunet-petit-acceuil-1.jpg 500w, https:\/\/candice-brunet.com\/wp-content\/uploads\/2023\/09\/portrait-candice-brunet-petit-acceuil-1-300x294.jpg 300w\" sizes=\"auto, (max-width: 500px) 100vw, 500px\" \/><\/figure>\n<\/div>\n\n\n\n<div class=\"wp-block-column is-layout-flow wp-block-column-is-layout-flow\">\n<p class=\"has-text-align-center\">Bienvenue&nbsp;! <\/p>\n\n\n\n<p class=\"has-text-align-left\">Je suis <strong>Candice Brunet sophrologue \u00e0 Grenoble <\/strong>.<\/p>\n\n\n\n<p>Je propose des s\u00e9ances de <strong>sophrologie \u00e0 domicile sur Grenoble et son agglom\u00e9ration<\/strong>.<\/p>\n\n\n\n<p>Je suis form\u00e9e et certifi\u00e9e par une des deux \u00e9coles en France reconnue RNCP (r\u00e9pertoire national des certifications professionnelles ). <br><br>Qu&rsquo;est ce que le RNCP ? Vous \u00eates assur\u00e9s que votre praticien a un dipl\u00f4me et une qualification reconnue par l\u2019\u00c9tat !<\/p>\n<\/div>\n<\/div>\n\n\n\n<p><a href=\"https:\/\/candice-brunet.com\/index.php\/candice-brunet-sophrologue-grenoble\/\">Qui suis-je ?<\/a><\/p>\n\n\n\n<div style=\"height:13px\" aria-hidden=\"true\" class=\"wp-block-spacer\"><\/div>\n\n\n\n<p class=\"has-text-align-center\"><strong>Allez \u00e0 la rencontre de vos ressources int\u00e9rieures avec la sophrologie&nbsp;!<\/strong><\/p>\n\n\n\n<p>La sophrologie est une pratique psychocorporelle qui permet d\u2019harmoniser le corps et l\u2019esprit.<br>La sophrologie est un accompagnement qui propose un ensemble de techniques comme la relaxation, la respiration, la visualisation positive.<br>Cette m\u00e9thode va vous permettre de <strong>g\u00e9rer votre stress<\/strong>, activer vos ressources, d\u00e9velopper votre potentiel,  <strong>gagner confiance en vous<\/strong>.<\/p>\n\n\n\n<p>La sophrologie est un chemin vers une <strong>meilleure connaissance de soi<\/strong> pour affronter les d\u00e9fis du quotidien avec plus de s\u00e9r\u00e9nit\u00e9 et de bien-\u00eatre.<\/p>\n\n\n\n<p><a href=\"https:\/\/candice-brunet.com\/index.php\/la-sophrologie\/\" data-type=\"page\" data-id=\"29\">Comment la sophrologique peut vous aider ?<\/a><\/p>\n\n\n\n<div style=\"height:13px\" aria-hidden=\"true\" class=\"wp-block-spacer\"><\/div>\n\n\n\n<div class=\"wp-block-columns is-layout-flex wp-container-core-columns-is-layout-9d6595d7 wp-block-columns-is-layout-flex\">\n<div class=\"wp-block-column is-layout-flow wp-block-column-is-layout-flow\">\n<figure class=\"wp-block-image size-large\"><img loading=\"lazy\" decoding=\"async\" width=\"1024\" height=\"1024\" src=\"http:\/\/candice-brunet.com\/wp-content\/uploads\/2023\/09\/woman-7306978_1280-1024x1024.jpg\" alt=\"Prendre soin de soi avec la sophrologie \u00e0 Grenoble\" class=\"wp-image-141\" title=\"sophrologie \u00e0 Grenoble pour tous\" srcset=\"https:\/\/candice-brunet.com\/wp-content\/uploads\/2023\/09\/woman-7306978_1280-1024x1024.jpg 1024w, https:\/\/candice-brunet.com\/wp-content\/uploads\/2023\/09\/woman-7306978_1280-300x300.jpg 300w, https:\/\/candice-brunet.com\/wp-content\/uploads\/2023\/09\/woman-7306978_1280-150x150.jpg 150w, https:\/\/candice-brunet.com\/wp-content\/uploads\/2023\/09\/woman-7306978_1280-768x768.jpg 768w, https:\/\/candice-brunet.com\/wp-content\/uploads\/2023\/09\/woman-7306978_1280-100x100.jpg 100w, https:\/\/candice-brunet.com\/wp-content\/uploads\/2023\/09\/woman-7306978_1280.jpg 1280w\" sizes=\"auto, (max-width: 767px) 89vw, (max-width: 1000px) 54vw, (max-width: 1071px) 543px, 580px\" \/><\/figure>\n<\/div>\n\n\n\n<div class=\"wp-block-column is-layout-flow wp-block-column-is-layout-flow\">\n<p class=\"has-text-align-center\"><strong>Faites-vous une fleur et prenez soin de vous gr\u00e2ce \u00e0 la sophrologie !<\/strong><\/p>\n\n\n\n<p>Les s\u00e9ances de sophrologie que je dispense \u00e0 Grenoble <strong>sont accessibles \u00e0 tous et \u00e0 tout \u00e2ge<\/strong>. <br>Aucun mat\u00e9riel sp\u00e9cifique n\u2019est n\u00e9cessaire. La sophrologie est accessible \u00e0 tous sans distinction.<\/p>\n\n\n\n<p>Je propose des s\u00e9ances de sophrologie en <strong>individuel<\/strong> et en <strong>groupe<\/strong> sur Grenoble et agglom\u00e9ration.<br>Consulter les diff\u00e9rentes prestations et tarifs pour trouver ce qui vous correspond le mieux.<\/p>\n<\/div>\n<\/div>\n\n\n\n<p> <a href=\"https:\/\/candice-brunet.com\/index.php\/prestations-tarifs-sophrologie-grenoble\/\" data-type=\"page\" data-id=\"12\">Combien co\u00fbte une s\u00e9ance de sophrologie<\/a> ?<\/p>\n","protected":false},"excerpt":{"rendered":"<p>Bienvenue&nbsp;! Je suis Candice Brunet sophrologue \u00e0 Grenoble . Je propose des s\u00e9ances de sophrologie \u00e0 domicile sur Grenoble et son agglom\u00e9ration. Je suis form\u00e9e et certifi\u00e9e par une des deux \u00e9coles en France reconnue RNCP (r\u00e9pertoire national des certifications professionnelles ). Qu&rsquo;est ce que le RNCP ? Vous \u00eates assur\u00e9s que votre praticien a &hellip; <\/p>\n<p class=\"link-more\"><a href=\"https:\/\/candice-brunet.com\/\" class=\"more-link\">Continuer la lecture<span class=\"screen-reader-text\"> de &laquo;&nbsp;Accueil&nbsp;&raquo;<\/span><\/a><\/p>\n","protected":false},"author":1,"featured_media":0,"parent":0,"menu_order":6,"comment_status":"closed","ping_status":"closed","template":"","meta":{"footnotes":""},"class_list":["post-5","page","type-page","status-publish","hentry"],"yoast_head":"<!-- This site is optimized with the Yoast SEO plugin v21.9.1 - https:\/\/yoast.com\/wordpress\/plugins\/seo\/ -->\n<title>Accueil - Candice Brunet<\/title>\n<meta name=\"description\" content=\"Candice Brunet sophrologue \u00e0 Grenoble - gestion du stress, am\u00e9lioration du sommeil, de la confiance en soi, sophrologie pour tous\" \/>\n<meta name=\"robots\" content=\"index, follow, max-snippet:-1, max-image-preview:large, max-video-preview:-1\" \/>\n<link rel=\"canonical\" href=\"https:\/\/candice-brunet.com\/\" \/>\n<meta property=\"og:locale\" content=\"fr_FR\" \/>\n<meta property=\"og:type\" content=\"article\" \/>\n<meta property=\"og:title\" content=\"Accueil - Candice Brunet\" \/>\n<meta property=\"og:description\" content=\"Candice Brunet sophrologue \u00e0 Grenoble - gestion du stress, am\u00e9lioration du sommeil, de la confiance en soi, sophrologie pour tous\" \/>\n<meta property=\"og:url\" content=\"https:\/\/candice-brunet.com\/\" \/>\n<meta property=\"og:site_name\" content=\"Candice Brunet\" \/>\n<meta property=\"article:modified_time\" content=\"2024-02-20T17:55:42+00:00\" \/>\n<meta property=\"og:image\" content=\"http:\/\/candice-brunet.com\/wp-content\/uploads\/2023\/09\/portrait-candice-brunet-petit-acceuil-1.jpg\" \/>\n<meta name=\"twitter:card\" content=\"summary_large_image\" \/>\n<meta name=\"twitter:label1\" content=\"Dur\u00e9e de lecture estim\u00e9e\" \/>\n\t<meta name=\"twitter:data1\" content=\"2 minutes\" \/>\n<script type=\"application\/ld+json\" class=\"yoast-schema-graph\">{\"@context\":\"https:\/\/schema.org\",\"@graph\":[{\"@type\":\"WebPage\",\"@id\":\"https:\/\/candice-brunet.com\/\",\"url\":\"https:\/\/candice-brunet.com\/\",\"name\":\"Accueil - Candice Brunet\",\"isPartOf\":{\"@id\":\"https:\/\/candice-brunet.com\/#website\"},\"datePublished\":\"2023-09-02T11:59:16+00:00\",\"dateModified\":\"2024-02-20T17:55:42+00:00\",\"description\":\"Candice Brunet sophrologue \u00e0 Grenoble - gestion du stress, am\u00e9lioration du sommeil, de la confiance en soi, sophrologie pour tous\",\"breadcrumb\":{\"@id\":\"https:\/\/candice-brunet.com\/#breadcrumb\"},\"inLanguage\":\"fr-FR\",\"potentialAction\":[{\"@type\":\"ReadAction\",\"target\":[\"https:\/\/candice-brunet.com\/\"]}]},{\"@type\":\"BreadcrumbList\",\"@id\":\"https:\/\/candice-brunet.com\/#breadcrumb\",\"itemListElement\":[{\"@type\":\"ListItem\",\"position\":1,\"name\":\"Accueil\",\"item\":\"https:\/\/candice-brunet.com\/\"},{\"@type\":\"ListItem\",\"position\":2,\"name\":\"Accueil\"}]},{\"@type\":\"WebSite\",\"@id\":\"https:\/\/candice-brunet.com\/#website\",\"url\":\"https:\/\/candice-brunet.com\/\",\"name\":\"Candice Brunet\",\"description\":\"Sophrologue \u00e0 Grenoble\",\"publisher\":{\"@id\":\"https:\/\/candice-brunet.com\/#organization\"},\"potentialAction\":[{\"@type\":\"SearchAction\",\"target\":{\"@type\":\"EntryPoint\",\"urlTemplate\":\"https:\/\/candice-brunet.com\/?s={search_term_string}\"},\"query-input\":\"required name=search_term_string\"}],\"inLanguage\":\"fr-FR\"},{\"@type\":\"Organization\",\"@id\":\"https:\/\/candice-brunet.com\/#organization\",\"name\":\"Candice Brunet\",\"url\":\"https:\/\/candice-brunet.com\/\",\"logo\":{\"@type\":\"ImageObject\",\"inLanguage\":\"fr-FR\",\"@id\":\"https:\/\/candice-brunet.com\/#\/schema\/logo\/image\/\",\"url\":\"https:\/\/candice-brunet.com\/wp-content\/uploads\/2023\/09\/logo-candice-brunet.jpg\",\"contentUrl\":\"https:\/\/candice-brunet.com\/wp-content\/uploads\/2023\/09\/logo-candice-brunet.jpg\",\"width\":505,\"height\":168,\"caption\":\"Candice Brunet\"},\"image\":{\"@id\":\"https:\/\/candice-brunet.com\/#\/schema\/logo\/image\/\"}}]}<\/script>\n<!-- \/ Yoast SEO plugin. -->","yoast_head_json":{"title":"Accueil - Candice Brunet","description":"Candice Brunet sophrologue \u00e0 Grenoble - gestion du stress, am\u00e9lioration du sommeil, de la confiance en soi, sophrologie pour tous","robots":{"index":"index","follow":"follow","max-snippet":"max-snippet:-1","max-image-preview":"max-image-preview:large","max-video-preview":"max-video-preview:-1"},"canonical":"https:\/\/candice-brunet.com\/","og_locale":"fr_FR","og_type":"article","og_title":"Accueil - Candice Brunet","og_description":"Candice Brunet sophrologue \u00e0 Grenoble - gestion du stress, am\u00e9lioration du sommeil, de la confiance en soi, sophrologie pour tous","og_url":"https:\/\/candice-brunet.com\/","og_site_name":"Candice Brunet","article_modified_time":"2024-02-20T17:55:42+00:00","og_image":[{"url":"http:\/\/candice-brunet.com\/wp-content\/uploads\/2023\/09\/portrait-candice-brunet-petit-acceuil-1.jpg"}],"twitter_card":"summary_large_image","twitter_misc":{"Dur\u00e9e de lecture estim\u00e9e":"2 minutes"},"schema":{"@context":"https:\/\/schema.org","@graph":[{"@type":"WebPage","@id":"https:\/\/candice-brunet.com\/","url":"https:\/\/candice-brunet.com\/","name":"Accueil - Candice Brunet","isPartOf":{"@id":"https:\/\/candice-brunet.com\/#website"},"datePublished":"2023-09-02T11:59:16+00:00","dateModified":"2024-02-20T17:55:42+00:00","description":"Candice Brunet sophrologue \u00e0 Grenoble - gestion du stress, am\u00e9lioration du sommeil, de la confiance en soi, sophrologie pour tous","breadcrumb":{"@id":"https:\/\/candice-brunet.com\/#breadcrumb"},"inLanguage":"fr-FR","potentialAction":[{"@type":"ReadAction","target":["https:\/\/candice-brunet.com\/"]}]},{"@type":"BreadcrumbList","@id":"https:\/\/candice-brunet.com\/#breadcrumb","itemListElement":[{"@type":"ListItem","position":1,"name":"Accueil","item":"https:\/\/candice-brunet.com\/"},{"@type":"ListItem","position":2,"name":"Accueil"}]},{"@type":"WebSite","@id":"https:\/\/candice-brunet.com\/#website","url":"https:\/\/candice-brunet.com\/","name":"Candice Brunet","description":"Sophrologue \u00e0 Grenoble","publisher":{"@id":"https:\/\/candice-brunet.com\/#organization"},"potentialAction":[{"@type":"SearchAction","target":{"@type":"EntryPoint","urlTemplate":"https:\/\/candice-brunet.com\/?s={search_term_string}"},"query-input":"required name=search_term_string"}],"inLanguage":"fr-FR"},{"@type":"Organization","@id":"https:\/\/candice-brunet.com\/#organization","name":"Candice Brunet","url":"https:\/\/candice-brunet.com\/","logo":{"@type":"ImageObject","inLanguage":"fr-FR","@id":"https:\/\/candice-brunet.com\/#\/schema\/logo\/image\/","url":"https:\/\/candice-brunet.com\/wp-content\/uploads\/2023\/09\/logo-candice-brunet.jpg","contentUrl":"https:\/\/candice-brunet.com\/wp-content\/uploads\/2023\/09\/logo-candice-brunet.jpg","width":505,"height":168,"caption":"Candice Brunet"},"image":{"@id":"https:\/\/candice-brunet.com\/#\/schema\/logo\/image\/"}}]}},"_links":{"self":[{"href":"https:\/\/candice-brunet.com\/index.php\/wp-json\/wp\/v2\/pages\/5","targetHints":{"allow":["GET"]}}],"collection":[{"href":"https:\/\/candice-brunet.com\/index.php\/wp-json\/wp\/v2\/pages"}],"about":[{"href":"https:\/\/candice-brunet.com\/index.php\/wp-json\/wp\/v2\/types\/page"}],"author":[{"embeddable":true,"href":"https:\/\/candice-brunet.com\/index.php\/wp-json\/wp\/v2\/users\/1"}],"replies":[{"embeddable":true,"href":"https:\/\/candice-brunet.com\/index.php\/wp-json\/wp\/v2\/comments?post=5"}],"version-history":[{"count":47,"href":"https:\/\/candice-brunet.com\/index.php\/wp-json\/wp\/v2\/pages\/5\/revisions"}],"predecessor-version":[{"id":326,"href":"https:\/\/candice-brunet.com\/index.php\/wp-json\/wp\/v2\/pages\/5\/revisions\/326"}],"wp:attachment":[{"href":"https:\/\/candice-brunet.com\/index.php\/wp-json\/wp\/v2\/media?parent=5"}],"curies":[{"name":"wp","href":"https:\/\/api.w.org\/{rel}","templated":true}]}}